e factors of (-2)/10*-239 + (-2)/(-10)?
2, 3
Let m(i) = 3*i. Let a(z) = z - 7. Let v be a(10). Suppose v*r - 10 = -2*r. What are the prime factors of m(r)?
2, 3
List the prime factors of (-10)/25 + 754/10.
3, 5
Let j(p) = -p**3 + p**2 + 2*p + 52. What are the prime factors of j(0)?
2, 13
Let s(a) = -4*a**3 - 2*a**2 - a. What are the prime factors of s(-1)?
3
Suppose 0 = -5*p - 21 + 1. Let l(i) = i + 8. What are the prime factors of l(p)?
2
Let g(v) = -8 + 5*v - 5*v + 3*v + 9. Let u be g(10). Suppose 0 = 3*k - u - 32. What are the prime factors of k?
3, 7
Let h(s) = s**3 - s**2 - 2*s + 3. Let y be h(2). Suppose c - y*c + 28 = 0. List the prime factors of c.
2, 7
Let g be (-3)/(2 - (-9)/(-3)). Suppose -4*h + h + 5*s = -10, g*h - 14 = s. Suppose 0 = -z - 3*a + 3, -5*z - h*a + 5 = -10. List the prime factors of z.
3
Let r(w) = -w**3 - 4*w**2 - 2*w - 3. Let u be r(-3). What are the prime factors of (3/(-2))/(3/u)?
3
Suppose 12 + 3 = 5*r. Suppose -4*g + 2*v + 122 = 0, r*g + 5*v + 35 = 4*g. Suppose 33 = 3*l - g. What are the prime factors of l?
3, 7
Suppose 289 - 9 = 14*r. What are the prime factors of r?
2, 5
Suppose a = -4*l + 36, -3*l + 0*l + 3*a + 12 = 0. List the prime factors of l.
2
Suppose c + 21 + 34 = 0. Let x = c + 79. List the prime factors of x.
2, 3
Suppose 2*s - 6*s + 280 = 0. List the prime factors of s.
2, 5, 7
Let p(w) = -w**2 + 3*w + 6. Let g be p(5). List the prime factors of 11 + (-1)/(2/g).
13
Let t be (-1)/(11/4 + -3). Suppose -3*r + 16 - 3 = t*b, 0 = 3*b - 3*r - 15. Suppose o - 5*a - 23 = 0, b*a + 8 = 2*a. List the prime factors of o.
3
Suppose -2*b - 5*k = -0*b - 40, 4*b - 112 = -2*k. Suppose -2*p + b + 46 = 0. What are the prime factors of p?
2, 19
Let i be (6 + -2)/(8/20). Let z = 30 + i. List the prime factors of z.
2, 5
Let k(p) = -3 + p - 2 + 3 + p**2. Suppose s - 18 = 3*s - 5*g, -s - 2*g = 0. List the prime factors of k(s).
2, 5
Suppose 5*i = 1661 + 24. What are the prime factors of i?
337
Let k = -13 + -7. Let w = -2 - k. List the prime factors of w.
2, 3
Let b = -3 + 4. Let j(u) = 24*u**3 - u**2. Let z be j(b). List the prime factors of 2/4 + z/2.
2, 3
Let t be 2/2*5 - 1. Suppose t*i = -4*c + 64, -i - 6*c + c + 32 = 0. What are the prime factors of i?
2, 3
Suppose -4*t = 2*x - 6*x + 84, 0 = 3*x - t - 71. List the prime factors of x.
5
Let k(m) = -m**3 - 8*m**2 - 9*m - 9. Let t be k(-7). Suppose 2*b - 30 = -w, w - t*w + 144 = 2*b. What are the prime factors of w?
2, 19
Let m = -8 + 31. Let g = m + 1. List the prime factors of g.
2, 3
Suppose 3*c + 90 = -84. Let v = -39 - c. What are the prime factors of v?
19
Let z(f) = f**3 + 3*f**2 + 1. Let r be z(3). Let m = -30 + r. What are the prime factors of m?
5
Let l(b) = 4*b**2 + 3*b - 1. What are the prime factors of l(-5)?
2, 3, 7
Suppose 0 = -5*w + 105 - 5. Suppose -4*i + 104 = w. What are the prime factors of i?
3, 7
Let f(a) = a**2 - 12*a + 3. Let o be f(12). Suppose 2*c + c + 259 = 5*h, -155 = -o*h + 2*c. What are the prime factors of h?
53
Let q = 22 + 0. List the prime factors of 4/q - (-898)/22.
41
Suppose -2*g = -5*g - 3*a + 339, 2*a + 246 = 2*g. What are the prime factors of g?
2, 59
Let l = 111 + 46. What are the prime factors of l?
157
Let c(s) = -5*s + 7*s + 4*s + 4 + 2*s. List the prime factors of c(3).
2, 7
Let c(y) = -y - 4. Let o be c(-7). Suppose -4*s + o*k = -15, -k + 5*k - 18 = -s. Let d = -4 + s. List the prime factors of d.
2
Let j be -1*3/(-6)*-6. Let a(b) = -b**3 - 2*b**2 + b - 4. Let x be a(j). Suppose 2*n - 2*d - 6 = 0, -x*n - 5*d = 3*n - 15. What are the prime factors of n?
3
Suppose -15 = 5*h + 60. Let x = h + 5. Let i = 20 + x. List the prime factors of i.
2, 5
Let i be 6/1 - 3/1. List the prime factors of (1 - -1)/(1/i).
2, 3
Suppose -5*p = -2*h + 1, -3*p - 41 = 5*h - p. Let y = -2 - h. List the prime factors of y.
5
Suppose -c = -9 + 12. Let r = c + 8. What are the prime factors of r?
5
Let m be (-552)/(-11) + (-6)/33. Suppose 4*n - m = 3*o, n - 3*o - 39 = -2*n. What are the prime factors of n?
11
Suppose 0 = 4*y - t - 36, -6*y + 2*y + 44 = t. Suppose -y - 14 = -4*s. Suppose s - 22 = -2*x - 4*b, 10 = -5*b. List the prime factors of x.
2, 3
Let b(y) = -y**3 + 5*y**2 - y - 2. Let c be 1/((-3)/(9/(-1))). Let g be b(c). Let d = g + -9. List the prime factors of d.
2
Let s be 1 + -2 + (-8)/(-2). Suppose f - s = -1. Suppose -2*i - i + 4*c + 7 = 0, -f*c = 2*i - 28. What are the prime factors of i?
3
Let q = 30 - 16. What are the prime factors of 77/q - 2/4?
5
Let y(g) = g**2 + 9*g + 17. Let k be y(-7). Suppose -3*c = -2*c + k*z - 7, 2*c - z - 28 = 0. What are the prime factors of c?
13
Let a be 40/6 - (-10)/(-15). Let j(p) = -p**2 - p + 4. Let b be j(0). List the prime factors of 12/9*a/b.
2
Let o(q) = -7*q + 6*q + q**2 + 0*q**2. Let p be o(2). Suppose 0*l + 2*l = -h + 50, -l - p*h = -28. What are the prime factors of l?
2, 3
What are the prime factors of ((-164)/6)/((-7)/21)?
2, 41
Suppose 115 = 5*q - 0. What are the prime factors of (4 - 3) + q/1?
2, 3
Let h(d) = d**2 + 2*d - 1. Let p be h(-3). Suppose p*x = 5*x - 12. Let j(b) = 3*b + 5. List the prime factors of j(x).
17
Let y = 4 + -3. Let a = -17 + 21. What are the prime factors of y/a - (-78)/8?
2, 5
Suppose -2*c - 6 = -2*f + f, 1 = -f - 5*c. List the prime factors of (-105)/(-12) - f/(-16).
3
Let f = 3 + -2. Suppose -3 = q + f. List the prime factors of 2/q*(3 - 13).
5
Let o = -13 - -12. List the prime factors of (o - -25)*(-14)/(-8).
2, 3, 7
Let u = 37 - 8. Suppose -s + x + 51 = 4*s, -x = -3*s + u. What are the prime factors of s?
11
Suppose -5*a - 41 + 626 = 0. Let j be a/(-5) + 3/(-5). Let l = -13 - j. What are the prime factors of l?
11
Let i = -9 - -18. List the prime factors of i.
3
Let o(t) = t**2 + 3*t - 6. Let r be 2*(20/8 - 1). What are the prime factors of o(r)?
2, 3
Let u be 1/6 + (-70)/(-12). Suppose 3*k - u = 27. What are the prime factors of k?
11
Suppose 0 = -2*r + 3*w + 77, w + 51 = r + 13. List the prime factors of r.
37
Let h be 12/14*(-18 - -4). List the prime factors of 14 + -3*4/h.
3, 5
Let m be 2 + (-4 - -3) - -3. What are the prime factors of 6*((-30)/m)/(-1)?
3, 5
Let b be (-4)/(-3)*9/2. Suppose -g + b = q, q + 0 = g + 2. List the prime factors of q.
2
Let k = -1 + 3. Suppose -2 = -2*m + k. List the prime factors of m.
2
Suppose -22 = -h - 2*s, -4*h = -h - 4*s - 16. What are the prime factors of h?
2, 3
Let l(j) = -j**3 + 8*j**2 + 4*j - 12. Let x be l(8). Let s = x - 7. What are the prime factors of s?
13
Suppose q = -2*q + 114. Suppose -3*z - 5*a = -48, 4*z = -0*a + 2*a + q. List the prime factors of z.
11
Let d = 82 + -45. What are the prime factors of d?
37
Suppose -m = 3*m - 16. Let g(b) = -11*b**2 + b**3 - m*b - 8 + b + 7*b + 8*b. What are the prime factors of g(10)?
2, 3
Let u = -51 + 79. List the prime factors of u.
2, 7
Let m be ((-3)/6)/((-1)/8). Suppose m*p - 18 = -g, 2*g + 3*p = g + 14. Suppose 0 = g*v - 5 - 17. What are the prime factors of v?
11
Let j(g) = -g**3 - 2*g**2 - g + 2. Let w be j(-2). Suppose 0*i - 72 = -w*i. What are the prime factors of i?
2, 3
Let f = -47 - -83. List the prime factors of f.
2, 3
Let j(t) = 2*t + 10. Let y = -26 + 16. Let c be j(y). Let z = 7 - c. List the prime factors of z.
17
Let w = -3 + 2. Let s(i) = -12*i**2 + 4*i - 3. Let h(t) = 6*t**2 - 2*t + 2. Let c(g) = -5*h(g) - 3*s(g). List the prime factors of c(w).
7
Suppose 4*n + 0*n - 16 = 0. Suppose 0 = 3*f + n*b - 23, 4*f + 5*b = 1 + 29. List the prime factors of f.
5
Let r(t) = -t + 10. Let o be r(5). Suppose -o*y = -y. Let p = y + 5. What are the prime factors of p?
5
Let m(x) = -x**3 - x + 19. Let z = -6 - -6. What are the prime factors of m(z)?
19
Suppose 0*p - 4*x = 3*p - 151, -3*x + 213 = 4*p. What are the prime factors of p?
3, 19
Let u = 13 + -8. Suppose -7 = -4*j + u. List the prime factors of j.
3
Let z(o) = o + 2. Let y = 8 - 6. Let p be z(y). Suppose 0 = -0*i - i + p. List the prime factors of i.
2
Suppose -2*y + y = 3*o + 3, 0 = 5*y + 2*o - 37. What are the prime factors of (-198)/(-8) - y/(-36)?
5
Let x be 4/14 - (-108)/14. Let r = x + -5. What are the prime factors of 16*r*3/18?
2
Let d(q) = q**3 + 12*q**2 + 8*q - 13. List the prime factors of d(-11).
2, 5
Suppose -z + 5*l = z - 10, 0 = z + l - 5. Suppose k + 6*i = i - 1, 5*i = -z. What are the prime fact